{"id":165,"date":"2018-09-23T10:20:58","date_gmt":"2018-09-23T08:20:58","guid":{"rendered":"http:\/\/maitre-d-ecole.net\/?page_id=165"},"modified":"2025-08-31T11:23:20","modified_gmt":"2025-08-31T09:23:20","slug":"deuxieme-niveau","status":"publish","type":"page","link":"https:\/\/maitre-d-ecole.net\/?page_id=165","title":{"rendered":"deuxi\u00e8me niveau"},"content":{"rendered":"\n<p>Listes de mots class\u00e9s par th\u00e8mes.<\/p>\n\n\n\n<p class=\"has-text-align-right\"><a href=\"http:\/\/maitre-d-ecole.net\/?page_id=161\">retour aux premiers mots<\/a><\/p>\n\n\n\n<div data-wp-interactive=\"core\/file\" class=\"wp-block-file\"><object data-wp-bind--hidden=\"!state.hasPdfPreview\"  class=\"wp-block-file__embed\" data=\"https:\/\/maitre-d-ecole.net\/wp-content\/uploads\/2025\/08\/On-bricole.pdf\" type=\"application\/pdf\" style=\"width:100%;height:200px\" aria-label=\"Embed of On-bricole.\"><\/object><a id=\"wp-block-file--media-670636a0-8e82-49a6-8ea2-779780cdb04c\" href=\"https:\/\/maitre-d-ecole.net\/wp-content\/uploads\/2025\/08\/On-bricole.pdf\">On-bricole<\/a><a href=\"https:\/\/maitre-d-ecole.net\/wp-content\/uploads\/2025\/08\/On-bricole.pdf\" class=\"wp-block-file__button wp-element-button\" download aria-describedby=\"wp-block-file--media-670636a0-8e82-49a6-8ea2-779780cdb04c\">Download<\/a><\/div>\n\n\n\n<p><\/p>\n\n\n\n<h2 class=\"wp-block-heading\">les autres pages sans aper\u00e7u :<\/h2>\n\n\n\n<p><a href=\"http:\/\/maitre-d-ecole.net\/wp-content\/uploads\/2019\/05\/Dans-la-classe.pdf\">DANS LA CLASSE<\/a><\/p>\n\n\n\n<p><a href=\"http:\/\/maitre-d-ecole.net\/wp-content\/uploads\/2019\/05\/chez-le-boulanger.pdf\">CHEZ LE BOULANGER<\/a><\/p>\n\n\n\n<p><a href=\"http:\/\/maitre-d-ecole.net\/wp-content\/uploads\/2021\/08\/Chez-le-coiffeur.pdf\">CHEZ LE COIFFEUR<\/a><\/p>\n\n\n\n<p><a href=\"http:\/\/maitre-d-ecole.net\/wp-content\/uploads\/2019\/05\/A-la-plage.pdf\">A LA PLAGE<\/a><\/p>\n\n\n\n<p><a href=\"http:\/\/maitre-d-ecole.net\/wp-content\/uploads\/2019\/05\/La-religion.pdf\">LA RELIGION<\/a><\/p>\n\n\n\n<p><a href=\"http:\/\/maitre-d-ecole.net\/wp-content\/uploads\/2021\/08\/MOTS-INVARIABLES.pdf\">MOTS INVARIABLES<\/a><\/p>\n\n\n\n<p><a href=\"http:\/\/maitre-d-ecole.net\/wp-content\/uploads\/2021\/08\/LES-VOLCANS.pdf\">LES VOLCANS<\/a><\/p>\n\n\n\n<p><a href=\"http:\/\/maitre-d-ecole.net\/wp-content\/uploads\/2021\/08\/LES-METIERS-1.pdf\">LES METIERS 1<\/a><\/p>\n\n\n\n<p><a href=\"http:\/\/maitre-d-ecole.net\/wp-content\/uploads\/2021\/08\/LES-METIERS-2.pdf\">LES METIERS 2<\/a><\/p>\n\n\n\n<p><a href=\"http:\/\/maitre-d-ecole.net\/wp-content\/uploads\/2021\/08\/LES-ELECTIONS.pdf\">LES ELECTIONS<\/a><\/p>\n\n\n\n<p><a href=\"http:\/\/maitre-d-ecole.net\/wp-content\/uploads\/2021\/08\/LES-DECHETS-ET-LE-TRI.pdf\">LES DECHETS ET LE TRI<\/a><\/p>\n\n\n\n<p><a href=\"http:\/\/maitre-d-ecole.net\/wp-content\/uploads\/2021\/08\/LE-MOYEN-AGE.pdf\">LE MOYEN AGE<\/a><\/p>\n\n\n\n<p><a href=\"http:\/\/maitre-d-ecole.net\/wp-content\/uploads\/2021\/08\/LE-CHANTIER-DE-CONSTRUCTION.pdf\">LE CHANTIER DE CONSTRUCTION<\/a><\/p>\n\n\n\n<p><a href=\"http:\/\/maitre-d-ecole.net\/wp-content\/uploads\/2021\/08\/LA-PROVENCE.pdf\">LA PROVENCE<\/a><\/p>\n\n\n\n<p><a href=\"http:\/\/maitre-d-ecole.net\/wp-content\/uploads\/2021\/08\/LA-PLAINE.pdf\">LA PLAINE<\/a><\/p>\n\n\n\n<p><a href=\"http:\/\/maitre-d-ecole.net\/wp-content\/uploads\/2021\/08\/LA-MUNICIPALITE.pdf\">LA MUNICIPALITE<\/a><\/p>\n\n\n\n<p><a href=\"http:\/\/maitre-d-ecole.net\/wp-content\/uploads\/2021\/08\/LA-LETTRE-G.pdf\">LA LETTRE G<\/a><\/p>\n\n\n\n<p><a href=\"http:\/\/maitre-d-ecole.net\/wp-content\/uploads\/2021\/08\/LA-GRANDE-GUERRE.pdf\">LA GRANDE GUERRE<\/a><\/p>\n\n\n\n<p><a href=\"http:\/\/maitre-d-ecole.net\/wp-content\/uploads\/2021\/08\/GUTENBERG.pdf\">GUTENBERG<\/a><\/p>\n\n\n\n<p><a href=\"http:\/\/maitre-d-ecole.net\/wp-content\/uploads\/2021\/08\/GRAMMAIRE-ET-CONJUGAISON.pdf\">GRAMMAIRE ET CONJUGAISON<\/a><\/p>\n\n\n\n<p><a href=\"http:\/\/maitre-d-ecole.net\/wp-content\/uploads\/2021\/08\/GEOMETRIE.pdf\">GEOMETRIE<\/a><\/p>\n\n\n\n<p><a href=\"http:\/\/maitre-d-ecole.net\/wp-content\/uploads\/2021\/08\/FRUITS-ET-ARBRES-FRUITIERS-1.pdf\">FRUITS ET ARBRES FRUITIERS<\/a><\/p>\n\n\n\n<p><a href=\"http:\/\/maitre-d-ecole.net\/wp-content\/uploads\/2021\/08\/CHEZ-LHORTICULTEUR.pdf\">CHEZ L&#8217;HORTICULTEUR<\/a><\/p>\n\n\n\n<p><a href=\"http:\/\/maitre-d-ecole.net\/wp-content\/uploads\/2021\/08\/CELTES-GAULOIS-ET-ROMAINS.pdf\">CELTES GAULOIS ET ROMAINS<\/a><\/p>\n\n\n\n<p><a href=\"http:\/\/maitre-d-ecole.net\/wp-content\/uploads\/2021\/08\/AU-THEATRE.pdf\">AU THEATRE<\/a><\/p>\n\n\n\n<p><a href=\"http:\/\/maitre-d-ecole.net\/wp-content\/uploads\/2021\/08\/AU-COLLEGE.pdf\">AU COLLEGE<\/a><\/p>\n\n\n\n<p><a href=\"http:\/\/maitre-d-ecole.net\/wp-content\/uploads\/2018\/09\/union-europeenne.pdf\">UNION EUROPEENNE<\/a><\/p>\n\n\n\n<p class=\"has-text-align-center\">PASSER ENSUITE AU <a href=\"http:\/\/maitre-d-ecole.net\/?page_id=163\">NIVEAU AVANCE<\/a><\/p>\n\n\n\n<p class=\"has-text-align-center\"><a href=\"http:\/\/maitre-d-ecole.net\/?page_id=161\">retour aux premiers mots<\/a><\/p>\n\n\n\n<p class=\"has-text-align-center\">&nbsp;<\/p>\n","protected":false},"excerpt":{"rendered":"<p>Listes de mots class\u00e9s par th\u00e8mes. retour aux premiers mots les autres pages sans aper\u00e7u : DANS LA CLASSE CHEZ LE BOULANGER CHEZ LE COIFFEUR A LA PLAGE LA RELIGION MOTS INVARIABLES LES VOLCANS LES METIERS 1 LES METIERS 2 LES ELECTIONS LES DECHETS ET LE TRI LE MOYEN AGE LE CHANTIER DE CONSTRUCTION LA &hellip; <\/p>\n<p class=\"link-more\"><a href=\"https:\/\/maitre-d-ecole.net\/?page_id=165\" class=\"more-link\">Continue reading<span class=\"screen-reader-text\"> &#8220;deuxi\u00e8me niveau&#8221;<\/span><\/a><\/p>\n","protected":false},"author":1,"featured_media":0,"parent":159,"menu_order":0,"comment_status":"closed","ping_status":"closed","template":"","meta":{"footnotes":""},"_links":{"self":[{"href":"https:\/\/maitre-d-ecole.net\/index.php?rest_route=\/wp\/v2\/pages\/165"}],"collection":[{"href":"https:\/\/maitre-d-ecole.net\/index.php?rest_route=\/wp\/v2\/pages"}],"about":[{"href":"https:\/\/maitre-d-ecole.net\/index.php?rest_route=\/wp\/v2\/types\/page"}],"author":[{"embeddable":true,"href":"https:\/\/maitre-d-ecole.net\/index.php?rest_route=\/wp\/v2\/users\/1"}],"replies":[{"embeddable":true,"href":"https:\/\/maitre-d-ecole.net\/index.php?rest_route=%2Fwp%2Fv2%2Fcomments&post=165"}],"version-history":[{"count":60,"href":"https:\/\/maitre-d-ecole.net\/index.php?rest_route=\/wp\/v2\/pages\/165\/revisions"}],"predecessor-version":[{"id":1679,"href":"https:\/\/maitre-d-ecole.net\/index.php?rest_route=\/wp\/v2\/pages\/165\/revisions\/1679"}],"up":[{"embeddable":true,"href":"https:\/\/maitre-d-ecole.net\/index.php?rest_route=\/wp\/v2\/pages\/159"}],"wp:attachment":[{"href":"https:\/\/maitre-d-ecole.net\/index.php?rest_route=%2Fwp%2Fv2%2Fmedia&parent=165"}],"curies":[{"name":"wp","href":"https:\/\/api.w.org\/{rel}","templated":true}]}}